
{"id":2599,"date":"2022-05-13T21:18:24","date_gmt":"2022-05-13T21:18:24","guid":{"rendered":"https:\/\/iteck.smartinnovates.com\/demo5\/?page_id=745"},"modified":"2025-01-15T21:07:08","modified_gmt":"2025-01-15T21:07:08","slug":"apresentacao-pev-2024","status":"publish","type":"page","link":"https:\/\/pevpa.fapespa.pa.gov.br\/legado\/apresentacao-pev-2024\/","title":{"rendered":"Apresenta\u00e7\u00e3o &#8211; Pev 2024"},"content":{"rendered":"\t\t<div data-elementor-type=\"wp-page\" data-elementor-id=\"2599\" class=\"elementor elementor-2599\">\r\n\t\t\t\t\t\t\t\t\t<section class=\"elementor-section elementor-top-section elementor-element elementor-element-71ea255 elementor-section-full_width elementor-section-height-default elementor-section-height-default\" data-id=\"71ea255\" data-element_type=\"section\">\r\n\t\t\t\t\t\t<div class=\"elementor-container elementor-column-gap-no\">\r\n\t\t\t\t\t<div class=\"elementor-column elementor-col-100 elementor-top-column elementor-element elementor-element-2da1654\" data-id=\"2da1654\" data-element_type=\"column\">\r\n\t\t\t<div class=\"elementor-widget-wrap elementor-element-populated\">\r\n\t\t\t\t\t\t\t\t<section class=\"elementor-section elementor-inner-section elementor-element elementor-element-59a7780 elementor-section-full_width elementor-section-height-default elementor-section-height-default\" data-id=\"59a7780\" data-element_type=\"section\">\r\n\t\t\t\t\t\t<div class=\"elementor-container elementor-column-gap-no\">\r\n\t\t\t\t\t<div class=\"elementor-column elementor-col-100 elementor-inner-column elementor-element elementor-element-a14a7ba\" data-id=\"a14a7ba\" data-element_type=\"column\">\r\n\t\t\t<div class=\"elementor-widget-wrap elementor-element-populated\">\r\n\t\t\t\t\t\t\t\t<div class=\"elementor-element elementor-element-2b1b45a elementor-widget__width-auto elementor-widget elementor-widget-iteck-heading\" data-id=\"2b1b45a\" data-element_type=\"widget\" data-widget_type=\"iteck-heading.default\">\r\n\t\t\t\t<div class=\"elementor-widget-container\">\r\n\t\t\t<h2 class=\"iteck-heading\">Perfis Econ\u00f4micos Vocacionais dos Munic\u00edpios Paraenses<\/h2>\t\t<\/div>\r\n\t\t\t\t<\/div>\r\n\t\t\t\t<div class=\"elementor-element elementor-element-f4ae3ef elementor-widget elementor-widget-iteck-heading\" data-id=\"f4ae3ef\" data-element_type=\"widget\" data-widget_type=\"iteck-heading.default\">\r\n\t\t\t\t<div class=\"elementor-widget-container\">\r\n\t\t\t<h2 class=\"iteck-heading iteck-additional-color\">APRESENTA\u00c7\u00c3O <span>PEV 2024<\/span><\/h2>\t\t<\/div>\r\n\t\t\t\t<\/div>\r\n\t\t<div class=\"elementor-element elementor-element-68b653a e-flex e-con-boxed e-con e-parent\" data-id=\"68b653a\" data-element_type=\"container\" data-settings=\"{&quot;content_width&quot;:&quot;boxed&quot;}\" data-core-v316-plus=\"true\">\r\n\t\t\t\t\t<div class=\"e-con-inner\">\r\n\t\t\t\t<div class=\"elementor-element elementor-element-f5710ea elementor-widget elementor-widget-text-editor\" data-id=\"f5710ea\" data-element_type=\"widget\" data-widget_type=\"text-editor.default\">\r\n\t\t\t\t<div class=\"elementor-widget-container\">\r\n\t\t\t<style>\/*! elementor - v3.16.0 - 09-10-2023 *\/\r\n.elementor-widget-text-editor.elementor-drop-cap-view-stacked .elementor-drop-cap{background-color:#69727d;color:#fff}.elementor-widget-text-editor.elementor-drop-cap-view-framed .elementor-drop-cap{color:#69727d;border:3px solid;background-color:transparent}.elementor-widget-text-editor:not(.elementor-drop-cap-view-default) .elementor-drop-cap{margin-top:8px}.elementor-widget-text-editor:not(.elementor-drop-cap-view-default) .elementor-drop-cap-letter{width:1em;height:1em}.elementor-widget-text-editor .elementor-drop-cap{float:left;text-align:center;line-height:1;font-size:50px}.elementor-widget-text-editor .elementor-drop-cap-letter{display:inline-block}<\/style>\t\t\t\t<p>\u00c9 com grande satisfa\u00e7\u00e3o que apresentamos a popula\u00e7\u00e3o paraense a 3\u00aa edi\u00e7\u00e3o do projeto Perfis Econ\u00f4micos Vocacionais dos Munic\u00edpios Paraenses (PEV), elaborado pela Funda\u00e7\u00e3o Amaz\u00f4nia de Amparo a Estudos e Pesquisas (FAPESPA). Esta iniciativa, que reafirma o compromisso da Funda\u00e7\u00e3o com o desenvolvimento socioecon\u00f4mico do estado, \u00e9 resultado de um esfor\u00e7o cont\u00ednuo para compreender e valorizar as potencialidades econ\u00f4micas de cada um dos 144 munic\u00edpios do Par\u00e1. O PEV 2024 vem consolidar-se como uma ferramenta essencial para subsidiar o planejamento estrat\u00e9gico de a\u00e7\u00f5es, tanto do setor p\u00fablico quanto privado.<\/p><p>Os estudos realizados no \u00e2mbito do PEV permitem uma vis\u00e3o detalhada e precisa das voca\u00e7\u00f5es econ\u00f4micas dos munic\u00edpios, contemplando suas caracter\u00edsticas geogr\u00e1ficas, sociais e produtivas. Com base em informa\u00e7\u00f5es atualizadas e an\u00e1lises robustas, esta edi\u00e7\u00e3o oferece subs\u00eddios valiosos para a formula\u00e7\u00e3o de pol\u00edticas p\u00fablicas mais eficazes, capazes de promover o desenvolvimento sustent\u00e1vel e reduzir desigualdades regionais. O conhecimento gerado \u00e9 um instrumento essencial para orientar os gestores municipais e estaduais na busca por melhores solu\u00e7\u00f5es para os desafios locais.<\/p><p>No setor privado, o PEV tem um papel estrat\u00e9gico ao revelar oportunidades de investimento em \u00e1reas como agropecu\u00e1ria, minera\u00e7\u00e3o, turismo, com\u00e9rcio e servi\u00e7os, entre outras. Empreendedores e investidores encontram, neste estudo, um guia confi\u00e1vel para a identifica\u00e7\u00e3o de cadeias produtivas promissoras, contribuindo para a gera\u00e7\u00e3o de emprego e renda. Assim, o PEV tamb\u00e9m se consolida como um instrumento de fomento ao empreendedorismo e \u00e0 inova\u00e7\u00e3o, pilares indispens\u00e1veis para o crescimento econ\u00f4mico do estado.<\/p><p>A 3\u00aa edi\u00e7\u00e3o do PEV \u00e9 ainda mais especial por apresentar um olhar atento \u00e0s transforma\u00e7\u00f5es econ\u00f4micas e sociais, buscamos aprimorar o alcance e a qualidade das an\u00e1lises, garantindo que os dados coletados reflitam as reais necessidades e potencialidades de cada munic\u00edpio. Este \u00e9 um passo importante para alinhar a pesquisa cient\u00edfica \u00e0s demandas pr\u00e1ticas do nosso estado.<\/p><p>Acreditamos que o sucesso do PEV est\u00e1 diretamente ligado \u00e0 participa\u00e7\u00e3o ativa dos gestores p\u00fablicos, empres\u00e1rios, pesquisadores e da sociedade civil. \u00c9 essencial que todos compreendam o papel deste projeto como alicerce para decis\u00f5es que impactem positivamente a vida de milh\u00f5es de paraenses. Com os perfis econ\u00f4micos em m\u00e3os, damos um passo \u00e0 frente na constru\u00e7\u00e3o de um Par\u00e1 mais desenvolvido, justo e sustent\u00e1vel.<\/p><p>Convidamos todos a explorarem os resultados da 3\u00aa edi\u00e7\u00e3o do PEV e a utilizarem este estudo como refer\u00eancia para transformar conhecimento em a\u00e7\u00e3o. A FAPESPA reafirma o seu compromisso em seguir promovendo ci\u00eancia, inova\u00e7\u00e3o e desenvolvimento, fortalecendo o Par\u00e1 como um estado de oportunidades para todos. Seguiremos juntos nessa jornada em prol de um futuro mais pr\u00f3spero e inclusivo.<\/p><p>\u00a0<\/p><p style=\"text-align: center;\"><strong>Marcel do Nascimento Botelho<br \/><\/strong>Diretor-Presidente<\/p>\t\t\t\t\t\t<\/div>\r\n\t\t\t\t<\/div>\r\n\t\t\t\t\t<\/div>\r\n\t\t\t\t<\/div>\r\n\t\t\t\t\t<\/div>\r\n\t\t<\/div>\r\n\t\t\t\t\t\t\t<\/div>\r\n\t\t<\/section>\r\n\t\t\t\t<div class=\"elementor-element elementor-element-dd66148 elementor-absolute iteck-image-animation-none elementor-widget elementor-widget-iteck-image\" data-id=\"dd66148\" data-element_type=\"widget\" data-settings=\"{&quot;_position&quot;:&quot;absolute&quot;}\" data-widget_type=\"iteck-image.default\">\r\n\t\t\t\t<div class=\"elementor-widget-container\">\r\n\t\t\t\r\n\r\r\n\t\t<div class=\"iteck-image\">\r\r\n\r\r\n\t\t\r\n\t\t\t\r\n\t\t\t\t\r\n\t\t\t\t\r\n\t\t\t\t\t<img loading=\"lazy\" decoding=\"async\" width=\"1478\" height=\"275\" src=\"https:\/\/pevpa.fapespa.pa.gov.br\/legado\/wp-content\/uploads\/2022\/04\/intg_back.png\" class=\"attachment-full size-full wp-image-468\" alt=\"\" \/>\r\n\t\t\t\t\r\n\t\t\t\t\r\n\t\t\t\t\r\n\t\t\t\r\n\r\r\n\t\t<\/div>\r\r\n\r\r\n\t\t\t\t<\/div>\r\n\t\t\t\t<\/div>\r\n\t\t\t\t\t<\/div>\r\n\t\t<\/div>\r\n\t\t\t\t\t\t\t<\/div>\r\n\t\t<\/section>\r\n\t\t\t\t\t\t\t<\/div>\r\n\t\t","protected":false},"excerpt":{"rendered":"<p>Perfis Econ\u00f4micos Vocacionais dos Munic\u00edpios Paraenses APRESENTA\u00c7\u00c3O PEV 2024 \u00c9 com grande satisfa\u00e7\u00e3o que apresentamos a popula\u00e7\u00e3o paraense a 3\u00aa edi\u00e7\u00e3o do projeto Perfis Econ\u00f4micos Vocacionais dos Munic\u00edpios Paraenses (PEV), elaborado pela Funda\u00e7\u00e3o Amaz\u00f4nia de Amparo a Estudos e Pesquisas (FAPESPA). Esta iniciativa, que reafirma o compromisso da Funda\u00e7\u00e3o com o desenvolvimento socioecon\u00f4mico do estado, \u00e9 resultado de um esfor\u00e7o &hellip;<\/p>\n","protected":false},"author":1,"featured_media":0,"parent":0,"menu_order":0,"comment_status":"closed","ping_status":"closed","template":"blank-builder.php","meta":{"footnotes":""},"class_list":["post-2599","page","type-page","status-publish","hentry"],"_links":{"self":[{"href":"https:\/\/pevpa.fapespa.pa.gov.br\/legado\/wp-json\/wp\/v2\/pages\/2599","targetHints":{"allow":["GET"]}}],"collection":[{"href":"https:\/\/pevpa.fapespa.pa.gov.br\/legado\/wp-json\/wp\/v2\/pages"}],"about":[{"href":"https:\/\/pevpa.fapespa.pa.gov.br\/legado\/wp-json\/wp\/v2\/types\/page"}],"author":[{"embeddable":true,"href":"https:\/\/pevpa.fapespa.pa.gov.br\/legado\/wp-json\/wp\/v2\/users\/1"}],"replies":[{"embeddable":true,"href":"https:\/\/pevpa.fapespa.pa.gov.br\/legado\/wp-json\/wp\/v2\/comments?post=2599"}],"version-history":[{"count":6,"href":"https:\/\/pevpa.fapespa.pa.gov.br\/legado\/wp-json\/wp\/v2\/pages\/2599\/revisions"}],"predecessor-version":[{"id":13547,"href":"https:\/\/pevpa.fapespa.pa.gov.br\/legado\/wp-json\/wp\/v2\/pages\/2599\/revisions\/13547"}],"wp:attachment":[{"href":"https:\/\/pevpa.fapespa.pa.gov.br\/legado\/wp-json\/wp\/v2\/media?parent=2599"}],"curies":[{"name":"wp","href":"https:\/\/api.w.org\/{rel}","templated":true}]}}