
{"id":5991,"date":"2023-11-03T15:00:35","date_gmt":"2023-11-03T15:00:35","guid":{"rendered":"https:\/\/pevpa.fapespa.pa.gov.br\/\/?page_id=5991"},"modified":"2025-01-16T14:40:49","modified_gmt":"2025-01-16T14:40:49","slug":"apresentacao-pev-2023","status":"publish","type":"page","link":"https:\/\/pevpa.fapespa.pa.gov.br\/legado\/apresentacao-pev-2023\/","title":{"rendered":"Apresenta\u00e7\u00e3o PEV 2023"},"content":{"rendered":"\t\t<div data-elementor-type=\"wp-page\" data-elementor-id=\"5991\" class=\"elementor elementor-5991\">\r\n\t\t\t\t\t\t\t<div class=\"elementor-element elementor-element-a7d32ab e-flex e-con-boxed e-con e-parent\" data-id=\"a7d32ab\" data-element_type=\"container\" data-settings=\"{&quot;content_width&quot;:&quot;boxed&quot;}\" data-core-v316-plus=\"true\">\r\n\t\t\t\t\t<div class=\"e-con-inner\">\r\n\t\t<div class=\"elementor-element elementor-element-54ba2cc e-flex e-con-boxed e-con e-child\" data-id=\"54ba2cc\" data-element_type=\"container\" data-settings=\"{&quot;content_width&quot;:&quot;boxed&quot;}\">\r\n\t\t\t\t\t<div class=\"e-con-inner\">\r\n\t\t\t\t<div class=\"elementor-element elementor-element-b51ebe2 elementor-widget elementor-widget-heading\" data-id=\"b51ebe2\" data-element_type=\"widget\" data-widget_type=\"heading.default\">\r\n\t\t\t\t<div class=\"elementor-widget-container\">\r\n\t\t\t<style>\/*! elementor - v3.16.0 - 09-10-2023 *\/\r\n.elementor-heading-title{padding:0;margin:0;line-height:1}.elementor-widget-heading .elementor-heading-title[class*=elementor-size-]>a{color:inherit;font-size:inherit;line-height:inherit}.elementor-widget-heading .elementor-heading-title.elementor-size-small{font-size:15px}.elementor-widget-heading .elementor-heading-title.elementor-size-medium{font-size:19px}.elementor-widget-heading .elementor-heading-title.elementor-size-large{font-size:29px}.elementor-widget-heading .elementor-heading-title.elementor-size-xl{font-size:39px}.elementor-widget-heading .elementor-heading-title.elementor-size-xxl{font-size:59px}<\/style><h3 class=\"elementor-heading-title elementor-size-default\">Perfis Econ\u00f4micos Vocacionais dos Munic\u00edpios Paraenses<\/h3>\t\t<\/div>\r\n\t\t\t\t<\/div>\r\n\t\t\t\t\t<\/div>\r\n\t\t\t\t<\/div>\r\n\t\t\t\t\t<\/div>\r\n\t\t\t\t<\/div>\r\n\t\t\t\t<section class=\"elementor-section elementor-top-section elementor-element elementor-element-f4875d1 elementor-section-full_width elementor-section-height-default elementor-section-height-default\" data-id=\"f4875d1\" data-element_type=\"section\">\r\n\t\t\t\t\t\t<div class=\"elementor-container elementor-column-gap-default\">\r\n\t\t\t\t\t<div class=\"elementor-column elementor-col-100 elementor-top-column elementor-element elementor-element-4aad5ad\" data-id=\"4aad5ad\" data-element_type=\"column\">\r\n\t\t\t<div class=\"elementor-widget-wrap elementor-element-populated\">\r\n\t\t\t\t\t\t\t\t<div class=\"elementor-element elementor-element-788ccf4 iteck-image-animation-rotate elementor-widget__width-initial elementor-absolute elementor-widget elementor-widget-iteck-image\" data-id=\"788ccf4\" data-element_type=\"widget\" data-settings=\"{&quot;_position&quot;:&quot;absolute&quot;}\" data-widget_type=\"iteck-image.default\">\r\n\t\t\t\t<div class=\"elementor-widget-container\">\r\n\t\t\t\r\n\r\r\n\t\t<div class=\"iteck-image\">\r\r\n\r\r\n\t\t\r\n\t\t\t\r\n\t\t\t\t\r\n\t\t\t\t\r\n\t\t\t\t\t<img loading=\"lazy\" decoding=\"async\" width=\"659\" height=\"573\" src=\"https:\/\/pevpa.fapespa.pa.gov.br\/legado\/wp-content\/uploads\/2022\/04\/about_s4_bubble2.png\" class=\"attachment-full size-full wp-image-319\" alt=\"\" \/>\r\n\t\t\t\t\r\n\t\t\t\t\r\n\t\t\t\t\r\n\t\t\t\r\n\r\r\n\t\t<\/div>\r\r\n\r\r\n\t\t\t\t<\/div>\r\n\t\t\t\t<\/div>\r\n\t\t\t\t\t<\/div>\r\n\t\t<\/div>\r\n\t\t\t\t\t\t\t<\/div>\r\n\t\t<\/section>\r\n\t\t<div class=\"elementor-element elementor-element-9512124 e-flex e-con-boxed e-con e-parent\" data-id=\"9512124\" data-element_type=\"container\" data-settings=\"{&quot;content_width&quot;:&quot;boxed&quot;}\" data-core-v316-plus=\"true\">\r\n\t\t\t\t\t<div class=\"e-con-inner\">\r\n\t\t<div class=\"elementor-element elementor-element-84d3435 e-flex e-con-boxed e-con e-child\" data-id=\"84d3435\" data-element_type=\"container\" data-settings=\"{&quot;content_width&quot;:&quot;boxed&quot;}\">\r\n\t\t\t\t\t<div class=\"e-con-inner\">\r\n\t\t\t\t<div class=\"elementor-element elementor-element-3f4fe9f elementor-widget elementor-widget-text-editor\" data-id=\"3f4fe9f\" data-element_type=\"widget\" data-widget_type=\"text-editor.default\">\r\n\t\t\t\t<div class=\"elementor-widget-container\">\r\n\t\t\t<style>\/*! elementor - v3.16.0 - 09-10-2023 *\/\r\n.elementor-widget-text-editor.elementor-drop-cap-view-stacked .elementor-drop-cap{background-color:#69727d;color:#fff}.elementor-widget-text-editor.elementor-drop-cap-view-framed .elementor-drop-cap{color:#69727d;border:3px solid;background-color:transparent}.elementor-widget-text-editor:not(.elementor-drop-cap-view-default) .elementor-drop-cap{margin-top:8px}.elementor-widget-text-editor:not(.elementor-drop-cap-view-default) .elementor-drop-cap-letter{width:1em;height:1em}.elementor-widget-text-editor .elementor-drop-cap{float:left;text-align:center;line-height:1;font-size:50px}.elementor-widget-text-editor .elementor-drop-cap-letter{display:inline-block}<\/style>\t\t\t\t<p>\u00c9 com imensa satisfa\u00e7\u00e3o que apresentamos a sociedade paraense a 2\u00aa edi\u00e7\u00e3o do projeto Perfis Econ\u00f4micos Vocacionais dos Munic\u00edpios Paraenses (PEV), desenvolvido pela Funda\u00e7\u00e3o Amaz\u00f4nia de Amparo a Estudos e Pesquisas (FAPESPA). Este projeto reflete o compromisso da Funda\u00e7\u00e3o em promover estudos estrat\u00e9gicos para identificar as voca\u00e7\u00f5es econ\u00f4micas de cada um dos 144 munic\u00edpios do Par\u00e1, gerando conhecimento que contribui para o planejamento e o desenvolvimento sustent\u00e1vel do estado.<\/p><p>O PEV \u00e9 uma ferramenta indispens\u00e1vel para compreender as potencialidades locais, oferecendo uma an\u00e1lise aprofundada dos aspectos econ\u00f4micos e sociais que caracterizam cada munic\u00edpio. Nesta 2\u00aa edi\u00e7\u00e3o, o estudo foi aprimorado para fornecer informa\u00e7\u00f5es ainda mais detalhadas, que s\u00e3o essenciais para orientar a elabora\u00e7\u00e3o de pol\u00edticas p\u00fablicas voltadas \u00e0 redu\u00e7\u00e3o das desigualdades regionais e \u00e0 promo\u00e7\u00e3o do crescimento econ\u00f4mico equilibrado entre as diversas regi\u00f5es do Par\u00e1.<\/p><p>Para o setor privado, o PEV destaca-se como um instrumento estrat\u00e9gico ao identificar oportunidades de investimento em diversas \u00e1reas, como agricultura, ind\u00fastria, com\u00e9rcio, turismo e servi\u00e7os. Empreendedores e investidores podem utilizar as informa\u00e7\u00f5es do projeto como base para a tomada de decis\u00f5es assertivas, incentivando a gera\u00e7\u00e3o de empregos e o fortalecimento das economias locais. Dessa forma, o PEV torna-se um pilar importante no fomento ao empreendedorismo e \u00e0 inova\u00e7\u00e3o.<\/p><p>Nesta 2\u00aa edi\u00e7\u00e3o, introduzimos novos indicadores e metodologias para aprimorar a qualidade das an\u00e1lises e torn\u00e1-las ainda mais acess\u00edveis a todos os interessados. Al\u00e9m disso, buscamos dialogar com as transforma\u00e7\u00f5es econ\u00f4micas globais e regionais, permitindo que as voca\u00e7\u00f5es locais sejam identificadas e valorizadas em um contexto mais amplo. Este \u00e9 um passo decisivo para alinhar o conhecimento t\u00e9cnico \u00e0 realidade e \u00e0s necessidades do nosso estado.<\/p><p>Refor\u00e7amos que o sucesso do PEV depende da colabora\u00e7\u00e3o entre gestores p\u00fablicos, empres\u00e1rios, pesquisadores e a sociedade civil. Este projeto n\u00e3o apenas orienta a formula\u00e7\u00e3o de pol\u00edticas e investimentos, mas tamb\u00e9m fortalece a integra\u00e7\u00e3o entre os diversos atores que compartilham o objetivo comum de construir um Par\u00e1 mais pr\u00f3spero e justo. O PEV \u00e9 um guia que transforma dados em solu\u00e7\u00f5es, possibilitando a\u00e7\u00f5es concretas e eficazes.<\/p><p>Convidamos todos os paraenses a conhecerem os resultados da 2\u00aa edi\u00e7\u00e3o do PEV e a utilizarem este material como refer\u00eancia para promover o desenvolvimento sustent\u00e1vel e inclusivo em todas as regi\u00f5es do estado. A FAPESPA reafirma seu compromisso em produzir ci\u00eancia e inova\u00e7\u00e3o que transformem a vida das pessoas, contribuindo para um Par\u00e1 de oportunidades e de avan\u00e7os em todas as dimens\u00f5es.<\/p>\t\t\t\t\t\t<\/div>\r\n\t\t\t\t<\/div>\r\n\t\t<div class=\"elementor-element elementor-element-10fc9c3 e-flex e-con-boxed e-con e-child\" data-id=\"10fc9c3\" data-element_type=\"container\" data-settings=\"{&quot;content_width&quot;:&quot;boxed&quot;}\">\r\n\t\t\t\t\t<div class=\"e-con-inner\">\r\n\t\t\t\t<div class=\"elementor-element elementor-element-14d9265 elementor-widget elementor-widget-text-editor\" data-id=\"14d9265\" data-element_type=\"widget\" data-widget_type=\"text-editor.default\">\r\n\t\t\t\t<div class=\"elementor-widget-container\">\r\n\t\t\t\t\t\t\t<p style=\"text-align: center;\"><strong>Marcel do Nascimento Botelho<br \/><\/strong>Diretor-Presidente<\/p>\t\t\t\t\t\t<\/div>\r\n\t\t\t\t<\/div>\r\n\t\t\t\t\t<\/div>\r\n\t\t\t\t<\/div>\r\n\t\t\t\t\t<\/div>\r\n\t\t\t\t<\/div>\r\n\t\t\t\t\t<\/div>\r\n\t\t\t\t<\/div>\r\n\t\t\t\t\t\t\t<\/div>\r\n\t\t","protected":false},"excerpt":{"rendered":"<p>Perfis Econ\u00f4micos Vocacionais dos Munic\u00edpios Paraenses \u00c9 com imensa satisfa\u00e7\u00e3o que apresentamos a sociedade paraense a 2\u00aa edi\u00e7\u00e3o do projeto Perfis Econ\u00f4micos Vocacionais dos Munic\u00edpios Paraenses (PEV), desenvolvido pela Funda\u00e7\u00e3o Amaz\u00f4nia de Amparo a Estudos e Pesquisas (FAPESPA). Este projeto reflete o compromisso da Funda\u00e7\u00e3o em promover estudos estrat\u00e9gicos para identificar as voca\u00e7\u00f5es econ\u00f4micas de cada um dos 144 munic\u00edpios &hellip;<\/p>\n","protected":false},"author":1,"featured_media":0,"parent":0,"menu_order":0,"comment_status":"closed","ping_status":"closed","template":"","meta":{"footnotes":""},"class_list":["post-5991","page","type-page","status-publish","hentry"],"_links":{"self":[{"href":"https:\/\/pevpa.fapespa.pa.gov.br\/legado\/wp-json\/wp\/v2\/pages\/5991","targetHints":{"allow":["GET"]}}],"collection":[{"href":"https:\/\/pevpa.fapespa.pa.gov.br\/legado\/wp-json\/wp\/v2\/pages"}],"about":[{"href":"https:\/\/pevpa.fapespa.pa.gov.br\/legado\/wp-json\/wp\/v2\/types\/page"}],"author":[{"embeddable":true,"href":"https:\/\/pevpa.fapespa.pa.gov.br\/legado\/wp-json\/wp\/v2\/users\/1"}],"replies":[{"embeddable":true,"href":"https:\/\/pevpa.fapespa.pa.gov.br\/legado\/wp-json\/wp\/v2\/comments?post=5991"}],"version-history":[{"count":44,"href":"https:\/\/pevpa.fapespa.pa.gov.br\/legado\/wp-json\/wp\/v2\/pages\/5991\/revisions"}],"predecessor-version":[{"id":13569,"href":"https:\/\/pevpa.fapespa.pa.gov.br\/legado\/wp-json\/wp\/v2\/pages\/5991\/revisions\/13569"}],"wp:attachment":[{"href":"https:\/\/pevpa.fapespa.pa.gov.br\/legado\/wp-json\/wp\/v2\/media?parent=5991"}],"curies":[{"name":"wp","href":"https:\/\/api.w.org\/{rel}","templated":true}]}}